-11112011200
Convert 1101110100010001 (base 2) to base 8.
156421
18c55dc (base 15) to base 7
306526260
Convert 3302b (base 15) to base 16.
278f9
-aa2aa7 (base 11) to base 13
-498677
101100013310 (base 4) to base 14
85a1c8
Convert -4c444 (base 14) to base 12.
-90578
What is 2055425 (base 7) in base 11?
160286
330232311 (base 4) to base 7
2054145
-1011100010101100010 (base 2) to base 8
-1342542
-54604641 (base 7) to base 15
-629d33
Convert -45bb (base 15) to base 13.
-6977
Convert -3622301 (base 7) to base 3.
-212100012202
Convert 122222211021221 (base 3) to base 10.
9562507
-31211331 (base 4) to base 16
-d97d
What is -1e6933 (base 16) in base 14?
-39c45d
Convert -10001011101101111110101 (base 2) to base 9.
-8547212
What is -6346856 (base 9) in base 4?
-30331113312
Convert 34032154 (base 6) to base 14.
1cb942
What is 4630273 (base 9) in base 12?
a068a9
Convert 342498 (base 10) to base 4.
1103213202
202122112200 (base 3) to base 8
1431661
What is -4521665 (base 7) in base 3?
-1001110100002
What is 430560 (base 7) in base 14?
1d330
9899aa (base 12) to base 10
2422354
-62414 (base 7) to base 10
-15299
-511513 (base 7) to base 16
-153fa
What is 615555 (base 7) in base 8?
315433
Convert -1444577 (base 9) to base 2.
-11000010101001011000
Convert 11221545 (base 8) to base 6.
124100005
What is 207366 (base 11) in base 14?
88d1c
What is -211444143 (base 5) in base 16?
-d96b4
816793 (base 12) to base 15
29e589
-1034630 (base 9) to base 8
-2073071
-4040015 (base 6) to base 2
-101110110101001011
Convert 1257365 (base 8) to base 7.
2664131
Convert -130103123 (base 5) to base 12.
-2638a2
-2743087 (base 11) to base 15
-637621
Convert -2220001022 (base 3) to base 16.
-de41
What is -b8866 (base 13) in base 8?
-1212577
What is 150542456 (base 7) in base 9?
20685872
Convert -5cbc4 (base 14) to base 13.
-7c625
Convert 71635076 (base 8) to base 10.
15153726
Convert -5c29a (base 14) to base 7.
-1626353
What is -17b74 (base 14) in base 6?
-1141122
Convert 31425430 (base 6) to base 9.
1653830
What is a6957a (base 13) in base 9?
7311605
Convert -10111001110010111111 (base 2) to base 3.
-1102122221001
-15302425 (base 6) to base 3
-1000021210222
What is -1114453 (base 9) in base 2?
-10010010100100010011
-3376731 (base 10) to base 9
-6316003
What is -31010012000 (base 4) in base 15?
-479a95
300330201 (base 5) to base 14
22b288
1cba (base 15) to base 14
23c6
Convert 1126374 (base 11) to base 16.
1e1094
Convert -15413523 (base 6) to base 4.
-2011122123
What is 420377 (base 14) in base 12?
8b59b1
Convert 3ffa92 (base 16) to base 7.
50432145
Convert 3313133202 (base 4) to base 13.
296553
2769952 (base 13) to base 12
4202244
Convert -4564bd (base 15) to base 13.
-8bc648
Convert -11632105 (base 8) to base 4.
-21303101011
-12583733 (base 10) to base 3
-212200022122012
Convert -6a071 (base 15) to base 8.
-1223306
-243e1a (base 16) to base 6
-122524134
21210122001 (base 3) to base 10
153550
Convert -2111222010120 (base 3) to base 12.
-546243
What is -104669 (base 11) in base 10?
-167176
Convert -32127 (base 12) to base 13.
-23c77
What is -111101001111100100110 (base 2) in base 15?
-299932
What is 2ce33 (base 15) in base 14?
3ab76
2883c (base 14) to base 4
120200312
-11101010110110110001 (base 2) to base 15
-140064
What is 111130444 (base 5) in base 4?
1313200123
-154b3b8 (base 12) to base 9
-8133265
-9a654 (base 11) to base 6
-3043144
13345514 (base 6) to base 11
287946
22730466 (base 8) to base 2
10010111011000100110110
What is -9324d (base 14) in base 5?
-42320222
What is 344103 (base 7) in base 10?
61449
-167214 (base 9) to base 11
-709a7
What is 39a892 (base 12) in base 6?
32221502
Convert -24265 (base 11) to base 16.
-8867
What is -2021021012021 (base 3) in base 8?
-4463224
What is 210122221 (base 4) in base 13?
52b7c
Convert 1632000 (base 7) to base 9.
374473
What is -1101100110010111001 (base 2) in base 5?
-103230000
Convert 54445434 (base 6) to base 11.
a0a017
What is 2300451 (base 8) in base 9?
1148388
-c410 (base 15) to base 5
-2311130
Convert -1011111000101000 (base 2) to base 16.
-be28
What is -314103 (base 5) in base 10?
-10528
Convert 656735 (base 9) to base 5.
100021242
Convert 1567322 (base 9) to base 7.
10256402
Convert 100121010020 (base 3) to base 16.
2e1e2
Convert -181ddc (base 14) to base 6.
-30122050
Convert 20011022001 (base 3) to base 15.
25dc1
-25810342 (base 9) to base 3
-212220100101102
Convert -8c932 (base 15) to base 11.
-2862a4
Convert -8559035 (base 10) to base 5.
-4142342120
-83ba47 (base 14) to base 3
-22101002022120
Convert 6c204 (base 15) to base 5.
42012304
-562718 (base 13) to base 9
-3738305
What is -300130303 (base 4) in base 7?
-1454401
Convert 747942 (base 12) to base 14.
35bc8a
Convert -1b20ba7 (base 12) to base 13.
-126b830
-6b0d (base 14) to base 12
-a949
-343254 (base 7) to base 4
-32330013
Convert -10110110111100110010111 (base 2) to base 4.
-112313212113
What is -3010331302 (base 4) in base 6?
-25143014
-2886388 (base 11) to base 2
-10010111010001110101111
-102301223 (base 6) to base 16
-1b69cf
What is -3243537 (base 9) in base 8?
-6510753
What is -513864 (base 14) in base 8?
-12342420
-10101221 (base 3) to base 8
-4662
Convert 3070741 (base 10) to base 3.
12210000021011
-1000110000000010001 (base 2) to base 12
-119b29
-113424321 (base 6) to base 15
-2c2551
Convert 233120400 (base 5) to base 10.
1066975
346333 (base 7) to base 16
f32e
Convert -59448 (base 11) to base 6.
-1500504
What is -1111100110010001 (base 2) in base 13?
-23107
Convert 255515 (base 6) to base 7.
124640
Convert -11a1c84 (base 13) to base 15.
-73614a
-137a5b (base 12) to base 9
-544288
Convert -211a2 (base 11) to base 5.
-1441341
What is -106545526 (base 7) in base 6?
-352423334
-402563 (base 10) to base 7
-3264440
What is 850078 (base 9) in base 7?
4203041
Convert -cda64a (base 14) to base 11.
-3a39733
-d0768 (base 14) to base 11
-312349
-343123341 (base 5) to base 8
-5670140
What is -355b8 (base 14) in base 5?
-13130420
What is 1003224 (base 6) in base 14?
133b2
314011 (base 7) to base 4
31032322
What is 2dd62 (base 16) in base 4?
231311202
Convert -100004 (base 10) to base 13.
-36698
11100010011101100001 (base 2) to base 12
388969
Convert -4074372 (base 8) to base 16.
-1078fa
-268a76 (base 13) to base 14
-1a41b5
Convert 3374341 (base 10) to base 5.
1330434331
102123122 (base 7) to base 11
3444025
Convert 40162 (base 7) to base 5.
302242
What is 3a6a2 (base 11) in base 9?
87583
What is 100001100011001 (base 2) in base 14?
638d
What is -194691 (base 12) in base 2?
-1101100001111001101
What is 145763 (base 8) in base 11?
36255
-111102202010120 (base 3) to base 13
-162cb0a
Convert -382a846 (base 11) to base 16.
-656bad
Convert -6c0349 (base 13) to base 11.
-14a6746
What is -22020323 (base 5) in base 8?
-560646
What is 242a52 (base 11) in base 3?
201112120021
What is -3a793 (base 11) in base 9?
-87726
What is 153af (base 16) in base 5?
10240314
Convert -5d44 (base 14) to base 3.
-211101202
Convert -1000324 (base 10) to base 13.
-290410
-49a724 (base 13) to base 10
-1765404
What is 202202021133 (base 4) in base 6?
522010543
What is 10010100111100000 (base 2) in base 8?
224740
Convert -72299 (base 13) to base 5.
-23023120
-10202132 (base 5) to base 12
-40bb7
Convert 300013302 (base 4) to base 8.
600762
Convert -234421055 (base 6) to base 12.
-159178b
Convert -813251 (base 14) to base 8.
-20457407
Convert 1142366 (base 7) to base 8.
433055
-3131881 (base 9) to base 11
-a44098
Convert -39f147 (base 16) to base 2.
-1110011111000101000111
Convert -1131220 (base 4) to base 5.
-142432
What is 26661a (base 11) in base 3?
210021022201
111000010010101010100101 (base 2) to base 10
14756517
91436a (base 12) to base 15
2ebd6a
-2406b5 (base 15) to base 8
-6444622
Convert 321101331 (base 4) to base 10.
234621
Convert 112122212321 (base 4) to base 2.
10110011010100110111001
What is 1535310 (base 6) in base 13?
32328
Convert 3130012200 (base 4) to base 8.
3340640
Convert 1121120020 (base 3) to base 9.
47506
1207525 (base 9) to base 12
277112
What is -1ca07 (base 15) in base 4?
-112303012
Convert -10032033123 (base 4) to base 16.
-10e3db
Convert 12211102010121 (base 3) to base 14.
5a91c7
What is -213112210 (base 4) in base 11?
-100115
Convert 84183 (base 14) to base 12.
134473
Conve